 y.
26
Suppose -2*a + 4 + 12 = -5*l, 0 = -2*l - 2*a - 12. Let r = 116 - l. Suppose -2*p + 121 - 25 = 0. Calculate the highest common divisor of r and p.
24
Suppose -q - 5*j = -105, -3*j = -8*j - 5. Suppose 0 = -k - 208 + 35. Let f = k - -183. Calculate the greatest common divisor of q and f.
10
Let s = 33 + -14. Suppose 5*h = 4*d + 10 - 39, 2*d = -4*h - 18. Let q be (10/(-25))/(d/(-190)). Calculate the greatest common divisor of q and s.
19
Let z(g) = g**2 + 6*g + 8. Let o = -55 + 59. Suppose 7*a - o*a + 15 = 0. Let t be z(a). What is the greatest common divisor of 12 and t?
3
Let d = -523 - -528. Suppose -a + 237 = d*k - 1285, -2*k = -a - 606. What is the greatest common factor of k and 38?
38
Suppose -273 = 8*i + 3*i - 328. Calculate the highest common divisor of i and 1405.
5
Let x = -701 - -861. Calculate the highest common divisor of 12440 and x.
40
Suppose -4*j + 5*x = -11, -x = 2*j - 6 - 3. Let l be 12558/49 - 4/14. Suppose l*f = 246*f + 40. Calculate the highest common divisor of j and f.
4
Suppose 9*s - 4*s - 85 = 0. Suppose -23*p + 312 = -s*p. Let b = 72 - p. Calculate the highest common factor of 2 and b.
2
Suppose 45 = 3*k + 3. Suppose -6*g = -1079 - 799. Suppose -3*s + 14 = 3*p - g, -2*s + 4*p + 236 = 0. Calculate the highest common factor of k and s.
14
Let g be -4 + (43/86)/((-2)/(-412)) + 4. Calculate the highest common factor of g and 2987.
103
Let k = 7853 - 1712. What is the highest common divisor of k and 178?
89
Let v be (5133/(-118))/(1 + 3/(-2)). Calculate the greatest common factor of 464 and v.
29
Suppose 0 = 2*k - g - 9, -k = 4*g + 11 - 20. Suppose 4*q = k*m - m - 76, 4*m + 2*q - 76 = 0. Let f = 90 - 52. Calculate the highest common factor of f and m.
19
Let g = -107 + 118. Let y = 299 - g. What is the highest common divisor of 16 and y?
16
Suppose 11368 = 4*j + 2*b, 2*j - 5692 = -2*b + 3*b. Suppose j = 116*f - 112*f. Calculate the highest common factor of 79 and f.
79
Suppose -8*u - 11*u = 38. Let p = u + -309. Let k be p/(-4) - (-2)/8. What is the greatest common divisor of k and 6?
6
Suppose 5*s - 3947 = 4*y, -4*s + 3154 = -376*y + 371*y. What is the highest common divisor of 904 and s?
113
Suppose d + 4*g = -g + 13, 8 = 4*g. Suppose 3 = -c, d*p + c - 37 = -484. Let r = p - -253. What is the greatest common factor of 42 and r?
21
Let w(o) = -4*o**3 - 3*o - 3. Suppose 4*j - 5*q + q = -4, 0 = 5*j - 4*q + 1. Let u = j + -5. Let r be w(u). Calculate the greatest common divisor of r and 140.
35
Suppose 0 = 5*h + 2*j + 4, -h + 2*j + 3 = -1. Let m be 6 + 0 - (2 - 5 - h). Suppose -14*b + m*b = -425. What is the greatest common factor of b and 34?
17
Suppose 0 = -4*y - 12, 3*y - 2*y + 33 = 5*j. Suppose 0 = 9*s - j*s. Suppose -80 = -s*l - 2*l. Calculate the greatest common factor of 10 and l.
10
Let w be (-1 - -3 - (0 - 0)) + -183. Let t = -149 - w. Calculate the highest common factor of 224 and t.
32
Suppose -2*l + 4*d = -12, -3*l = d - 24 - 8. Let b be (-4 + -2 + 2 - -10) + 19. What is the greatest common divisor of b and l?
5
Suppose -q + 5*u - 16 = 0, -17 + 5 = -2*q - u. What is the greatest common factor of q and 292?
4
Let o(u) = -2*u**2 - 73*u + 140. Let f be o(-38). Suppose -j - 4*j + 585 = 0. Calculate the greatest common divisor of j and f.
13
Suppose 5*k + 8 = c, 0 = -2*k + 5*k. Suppose -4*r + 12 = 4. Let w be -5*(192/(-15))/r. What is the greatest common divisor of c and w?
8
Suppose 3*s - 2*s = 20. Let o be (s + 1)/((-12)/(-60)). Calculate the greatest common divisor of 21 and o.
21
Suppose x - 4*g - 26 = -19, -8 = -3*x - g. Suppose 2*h - 101 = -3*p - 14, h = -x*p + 36. Calculate the highest common divisor of 85 and h.
17
Suppose -231*l = -225*l - 12. Let g(j) = -22*j + 49. Let x be g(l). Calculate the highest common factor of 35 and x.
5
Let h(c) = -c + 106. Let u be h(-53). What is the greatest common factor of u and 689?
53
Suppose 1337*p - 1318*p = 39406. Calculate the greatest common factor of p and 68.
34
Let c be (0/4 - (-1 - 104))*34/5. What is the highest common divisor of c and 170?
34
Suppose -4*c = -c - 24447. Suppose 5*r = c + 411. Suppose 5*q + 447 = r. Calculate the greatest common divisor of 23 and q.
23
Let d(b) = -4*b**2 - 1. Let k(n) = 8*n**2 + 3. Let x(o) = -5*d(o) - 2*k(o). Suppose -1 = s - 0. Let c be x(s). What is the greatest common divisor of c and 3?
3
Let c be (126/(-24) + 6)*5264/12. Calculate the highest common factor of 517 and c.
47
Suppose -5*h = -5*p + 21 + 39, -2*p = 3*h + 46. Let y be -2 - (-59 - (h + 6)). What is the greatest common divisor of y and 14?
7
Let l(r) = 2*r - 26. Let y(h) = 6*h - 78. Let b(c) = -7*l(c) + 2*y(c). Let a be b(10). Calculate the greatest common factor of 10 and a.
2
Let c(d) = -d**3 + 6*d**2 + 173*d + 52. Let f be c(16). Calculate the highest common divisor of 2158 and f.
26
Let n be (-285)/(-48) - (-12)/192. Calculate the greatest common factor of 81 and n.
3
Suppose 12 = 2*h - 6*h, 5*s + 4*h + 22 = 0. Let w(g) be the second derivative of -10*g**3 + 2*g. Let m be w(s). What is the greatest common factor of m and 48?
24
Let u(d) be the first derivative of -9*d**2/2 - 21*d - 53. Let z be u(-7). Calculate the highest common factor of 70 and z.
14
Let b be (-42)/(-70) + (-2922)/(-30). Suppose 181*y - 183*y + b = 0. Calculate the greatest common factor of y and 7.
7
Suppose 2*g + 5*w = -10, g - 20 = 5*g + 3*w. Let r be g/(-20) + 1054/8. Let s = -235 - -247. Calculate the greatest common factor of s and r.
12
Suppose 231 = 8*o - 406 + 229. Calculate the greatest common divisor of o and 663.
51
Let w be 0/(-2) + 10 + (-1)/1. Suppose -w*z + 4*z = -40. Let x = 194 - 122. What is the greatest common divisor of x and z?
8
Let z = -261 + 636. Let m be (-90)/4*(18/(-21))/(189/441). Calculate the highest common divisor of m and z.
15
Suppose 9*m - 62 = 7*m. Suppose -7*c = 2*c - 27. Suppose l - 5*l - u = -1121, -c*l = u - 842. What is the highest common divisor of m and l?
31
Let n be ((-52)/20 - 3)/(11/(-2860)*8). What is the highest common divisor of 392 and n?
14
Let s be 246*75/360*120. Calculate the highest common factor of 2952 and s.
246
Suppose 0 = -4*h - 400 + 1940. Let r = 602 - h. Let n = -147 + r. Calculate the greatest common factor of 10 and n.
10
Let p be (-107)/(-13) - (-339)/(-1469). Calculate the highest common divisor of 2228 and p.
4
Let w be 12/(-60)*(-754 + 1/(1/(-1))). Calculate the highest common divisor of 906 and w.
151
Let n(l) = -18*l**3 - 17*l**2 + 21*l - 13. Let c be n(-4). What is the greatest common divisor of c and 116?
29
Let m = 2044 + -1780. What is the highest common factor of m and 363?
33
Let h(p) = p**3 + 15*p**2 - 20*p - 40. Suppose a = -4*a + 3*d - 65, 4*a + 5*d = -89. Let y be h(a). What is the highest common factor of y and 12?
12
Let i = 3156 - 1980. Suppose -6*y = y - i. What is the highest common divisor of 294 and y?
42
Let i = 2423 + -2239. What is the greatest common divisor of 8648 and i?
184
Let z(r) = r**2 - 9*r - 15. Let d be z(5). Let p = d - -40. Suppose -3*f + 87 = 3*h, -p*f = 2*h - 7*h + 155. What is the greatest common divisor of 6 and h?
6
Let q(h) = 42*h - 165. Let r be q(4). Calculate the highest common factor of 507 and r.
3
Let x be ((-72)/(-120))/(2 - 356/180). What is the greatest common divisor of x and 3186?
27
Let t be (8505/(-324))/(2/(-24)). What is the highest common factor of t and 455?
35
Let y be 70/(-455) - 243/13*-6. What is the highest common divisor of y and 7?
7
Suppose -4983 - 8667 = -42*m. Calculate the highest common divisor of m and 2450.
25
Suppose 13 = 2*h + 5*v, -4*h - 25*v = -27*v + 10. Let j be (h + -120)/(-2 + -8 + 9). What is the greatest common factor of 143 and j?
11
Let j = 1618 - 1594. Calculate the highest common divisor of 5472 and j.
24
Suppose -4*i - 28 = 0, -575*w - 5*i = -579*w + 25203. What is the greatest common factor of w and 429?
143
Suppose -13554 = -101*a - 2646. Suppose -2*x - 180 = -3*x. What is the greatest common divisor of a and x?
36
Let a be 16 + -6 + -4 + -26. Let x be (((-2145)/a)/(-11))/(15/(-40)). What is the greatest common divisor of 78 and x?
26
Let u = -785 + 856. Suppose 0*h + 2*h - 142 = 0. What is the highest common factor of h and u?
71
Let m = -1598 - -4654. Calculate the highest common divisor of 573 and m.
191
Let s = 25150 - 25121.